48?
2, 3, 29, 47
What are the prime factors of 1362603?
3, 11, 157, 263
List the prime factors of 20696634.
2, 3, 7, 18251
List the prime factors of 484551.
3, 17, 3167
What are the prime factors of 4150?
2, 5, 83
What are the prime factors of 928744?
2, 17, 6829
List the prime factors of 17756679.
3, 293, 20201
List the prime factors of 416269.
7, 59467
What are the prime factors of 4700532?
2, 3, 391711
List the prime factors of 133166.
2, 11, 6053
What are the prime factors of 516929?
7, 73847
What are the prime factors of 21555026?
2, 3259, 3307
List the prime factors of 537317.
11, 48847
What are the prime factors of 244013?
7, 11, 3169
List the prime factors of 1491138.
2, 3, 11, 17, 443
What are the prime factors of 522867?
3, 174289
What are the prime factors of 3848501?
47, 81883
List the prime factors of 1733125.
5, 47, 59
What are the prime factors of 391130?
2, 5, 39113
List the prime factors of 96990.
2, 3, 5, 53, 61
What are the prime factors of 143962?
2, 7, 13, 113
List the prime factors of 550004.
2, 7, 13, 1511
List the prime factors of 46744.
2, 5843
What are the prime factors of 42654?
2, 3, 7109
What are the prime factors of 315231?
3, 7, 17, 883
List the prime factors of 167848.
2, 20981
List the prime factors of 745994.
2, 17, 37, 593
List the prime factors of 1025646.
2, 3, 199, 859
What are the prime factors of 60428?
2, 15107
What are the prime factors of 4221674?
2, 2110837
List the prime factors of 4059644.
2, 97, 10463
List the prime factors of 498850.
2, 5, 11, 907
List the prime factors of 9499887.
3, 1055543
What are the prime factors of 7729923?
3, 2576641
What are the prime factors of 1110477?
3, 370159
What are the prime factors of 3554329?
1579, 2251
What are the prime factors of 951883?
389, 2447
List the prime factors of 601064.
2, 75133
List the prime factors of 6365033.
6365033
List the prime factors of 117935.
5, 103, 229
What are the prime factors of 502647?
3, 131, 1279
What are the prime factors of 291441?
3, 19, 5113
List the prime factors of 15498038.
2, 67, 115657
List the prime factors of 10000208.
2, 71, 8803
List the prime factors of 389209.
29, 13421
List the prime factors of 786477.
3, 317, 827
List the prime factors of 48903.
3, 16301
List the prime factors of 1254206.
2, 151, 4153
What are the prime factors of 736104?
2, 3, 30671
What are the prime factors of 4608378?
2, 3, 256021
List the prime factors of 28695254.
2, 7, 61, 33601
What are the prime factors of 8919306?
2, 3, 11, 107, 421
List the prime factors of 13281692.
2, 17, 195319
What are the prime factors of 1838932?
2, 41, 11213
List the prime factors of 3816993.
3, 17, 74843
What are the prime factors of 542082?
2, 3, 167, 541
What are the prime factors of 5861516?
2, 97, 15107
What are the prime factors of 10606895?
5, 13, 17, 29, 331
What are the prime factors of 17656?
2, 2207
What are the prime factors of 6197593?
139, 44587
List the prime factors of 18076243.
59, 306377
List the prime factors of 29112.
2, 3, 1213
List the prime factors of 1179800.
2, 5, 17, 347
What are the prime factors of 765356?
2, 191339
What are the prime factors of 33690036?
2, 3, 991, 2833
What are the prime factors of 7492804?
2, 11, 113, 137
What are the prime factors of 424708?
2, 89, 1193
List the prime factors of 27703057.
31, 397, 2251
List the prime factors of 23455.
5, 4691
List the prime factors of 1024695.
3, 5, 7, 3253
List the prime factors of 7084202.
2, 3542101
List the prime factors of 1236286.
2, 59, 10477
What are the prime factors of 4683777?
3, 7, 223037
List the prime factors of 1007163.
3, 47, 2381
List the prime factors of 171114.
2, 3, 19, 79
What are the prime factors of 8415944?
2, 313, 3361
What are the prime factors of 458969?
7, 173, 379
List the prime factors of 1598658.
2, 3, 47, 5669
What are the prime factors of 4692361?
4692361
List the prime factors of 1033299.
3, 29, 37, 107
List the prime factors of 3557150.
2, 5, 71143
List the prime factors of 11562115.
5, 137, 16879
List the prime factors of 1601397.
3, 7, 37, 229
List the prime factors of 1133799.
3, 71, 5323
List the prime factors of 142550.
2, 5, 2851
What are the prime factors of 28113602?
2, 11, 67, 19073
List the prime factors of 855416.
2, 23, 4649
List the prime factors of 18959398.
2, 1091, 8689
List the prime factors of 13303619.
7, 31, 101, 607
List the prime factors of 644477.
521, 1237
What are the prime factors of 586424?
2, 73303
List the prime factors of 150802.
2, 75401
List the prime factors of 18701445.
3, 5, 7, 17, 10477
What are the prime factors of 21079907?
31, 647, 1051
What are the prime factors of 30294?
2, 3, 11, 17
List the prime factors of 2867809.
7, 269, 1523
List the prime factors of 2725211.
43, 63377
List the prime factors of 41947.
41947
What are the prime factors of 207317?
11, 47, 401
List the prime factors of 3128343.
3, 1042781
List the prime factors of 1019896.
2, 127487
List the prime factors of 338509.
167, 2027
What are the prime factors of 196225?
5, 47, 167
What are the prime factors of 5359923?
3, 595547
What are the prime factors of 10936086?
2, 3, 7, 23, 11321
What are the prime factors of 1689201?
3, 62563
What are the prime factors of 203651?
7, 47, 619
List the prime factors of 19063640.
2, 5, 476591
What are the prime factors of 2247?
3, 7, 107
What are the prime factors of 4293592?
2, 536699
What are the prime factors of 1939857?
3, 646619
What are the prime factors of 168812?
2, 7, 6029
List the prime factors of 160130.
2, 5, 67, 239
List the prime factors of 12867.
3, 4289
List the prime factors of 13391605.
5, 2678321
What are the prime factors of 35969975?
5, 769, 1871
What are the prime factors of 100411?
100411
What are the prime factors of 480104?
2, 60013
What are the prime factors of 205078?
2, 102539
What are the prime factors of 8383330?
2, 5, 31, 27043
List the prime factors of 8087.
8087
What are the prime factors of 709700?
2, 5, 47, 151
What are the prime factors of 39808?
2, 311
What are the prime factors of 2187334?
2, 1093667
List the prime factors of 692004.
2, 3, 57667
List the prime factors of 13044403.
29, 449807
What are the prime factors of 11718?
2, 3, 7, 31
List the prime factors of 15917909.
7, 23, 98869
What are the prime factors of 407709?
3, 89, 509
What are the prime factors of 13203585?
3, 5, 293413
What are the prime factors of 6389457?
3, 2129819
What are the prime factors of 4900?
2, 5, 7
What are the prime factors of 3315425?
5, 17, 29, 269
List the prime factors of 5964965.
5, 449, 2657
List the prime factors of 507816.
2, 3, 2351
List the prime factors of 3626855.
5, 725371
List the prime factors of 445943.
445943
List the prime factors of 89901.
3, 7, 1427
What are the prime factors of 13413004?
2, 11, 223, 1367
List the prime factors of 3654713.
3654713
What are the prime factors of 347852?
2, 19, 23, 199
List the prime factors of 1211144.
2, 11, 13763
What are the prime factors of 971384?
2, 29, 53, 79
What are the prime factors of 4466183?
103, 131, 331
What are the prime factors of 19490818?
2, 9745409
List the prime factors of 3614791.
3614791
What are the prime factors of 12877011?
3, 7, 204397
What are the prime factors of 2973565?
5, 7, 53, 229
List the prime factors of 1479481.
1479481
List the prime factors of 447501.
3, 43, 3469
What are the prime factors of 16043044?
2, 59, 67979
What are the prime factors of 212597?
7, 11, 251
List the prime factors of 4579793.
367, 12479
List the prime factors of 557337.
3, 11, 16889
List the prime factors of 82046.
2, 41023
List the prime factors of 5872475.
5, 7, 23, 1459
List the prime factors of 100749.
3, 11, 43, 71
List the prime factors of 16116452.
2, 11, 53, 6911
What are the prime factors of 14791598?
2, 17, 157, 163
What are the prime factors of 4743380?
2, 5, 487
What are the prime factors of 1305257?
59, 22123
List the prime factors of 169622.
2, 84811
List the prime factors of 14862291.
3, 509, 9733
What are the prime factors of 1580367?
3, 263, 2003
List the prime factors of 133138.
2, 66569
List the prime factors of 212872.
2, 11, 41, 59
What are the prime factors of 7035594?
2, 3, 73, 16063
List the prime factors of 316416.
2, 3, 103
List the prime factors of 244174.
2, 7, 107, 163
List the prime factors